k**5/120 + k**4/12 + k**3/2 + 3*k**2. Let s(b) be the first derivative of h(b). List the prime factors of s(-4).
2, 7
Let t(f) = -2*f**2 + 22*f + 8. What are the prime factors of t(11)?
2
Let m be 15/((-2)/2 - -2). Let d be (8/(-10))/((-6)/m). Suppose d*z - 14 = 2. List the prime factors of z.
2
Let u be 1 + 1 + (1 - 0). Suppose 3*h = 3*o + 39, u*h - 8*h - 4*o + 65 = 0. What are the prime factors of h?
13
Suppose 5*s + 4 = -1, 3*f - s - 79 = 0. What are the prime factors of f?
2, 13
Let w = 90 - 141. Let h be 1 + -1 + -1 + w. Let x = -37 - h. List the prime factors of x.
3, 5
Let x = 16 + -10. Let m(j) = -10*j + 2. Let s be m(2). What are the prime factors of x*3/(s/(-20))?
2, 5
Suppose -27 = 2*z + z. Let h = z - -28. List the prime factors of h.
19
Suppose 3*t = 10 + 5. Suppose r + 100 = 6*r. Suppose t*o = o + r. List the prime factors of o.
5
List the prime factors of 1 - 2 - (2/(-1) + -2).
3
Suppose 5*d - 13 = 7. Suppose d*x + 0*x = 8. What are the prime factors of x?
2
Let a be 5 - (2 + -1) - 0. Let x = 0 - a. List the prime factors of (-35)/(-4) - 1/x.
3
Let p(a) = a**3 - 4*a**2 + 3*a + 2. What are the prime factors of p(4)?
2, 7
Let i(r) = r**2 - 8*r - 12. Let x be i(9). Let t(p) = 6*p**2 + p**3 + 2*p - 4*p**2 + 2*p**2. List the prime factors of t(x).
3
Let o = 41 - -2. List the prime factors of o.
43
Suppose 0 = 6*x - 209 - 7. What are the prime factors of x?
2, 3
Suppose 28*l - 32*l + 872 = 0. What are the prime factors of l?
2, 109
Let t(n) = -n**2 + n. Let f be t(0). Suppose w = -f*w + 5. List the prime factors of w.
5
Let q(u) = -63*u + 4. What are the prime factors of q(-1)?
67
Suppose o + o = 52. What are the prime factors of o?
2, 13
Let h = 520 - 256. What are the prime factors of h?
2, 3, 11
Let l(k) = -k**2 + 9*k - 3. Let u be l(8). Suppose -u*v = 5*b - 3*b - 30, 0 = -3*v - 4*b + 18. Suppose m - v = -2*m. List the prime factors of m.
2
Let u be 21/4 + (-2)/8. Let h = -1 - 3. Let f = u - h. What are the prime factors of f?
3
Suppose -7 = -4*q - 11. Let n = q - -5. What are the prime factors of n?
2
Let a = 8 - -70. List the prime factors of a.
2, 3, 13
Let b = 60 - 1. What are the prime factors of b?
59
Let x be 41*2*10/20. Suppose 3*p = -5*c + 60 + x, -3*p = -6. What are the prime factors of c?
19
Suppose 3*c = 11 + 61. What are the prime factors of c?
2, 3
Let f = -10 - -21. What are the prime factors of f?
11
Let x be (-99)/(-22) - (-2)/4. Suppose -x*k - z + 24 + 117 = 0, -4*z = 5*k - 144. What are the prime factors of k?
2, 7
Let d = -11 + 20. List the prime factors of d.
3
Suppose 0 + 293 = x. List the prime factors of x.
293
Suppose 4*x + 37 = -3*o, -62 = 3*o - x - 0*x. Let p = o + 32. What are the prime factors of p?
13
Suppose -j + 80 = w + 3*j, -4*j - 124 = -2*w. List the prime factors of w.
2, 17
List the prime factors of (0 + 23*4)/((-20)/(-30)).
2, 3, 23
Let l = -2 - -5. Let b be 2 + (0/l)/3. Suppose -f - b = -7. List the prime factors of f.
5
Let q = 7 - 3. Suppose -q + 0 = -2*m. List the prime factors of -9*3/((-9)/m).
2, 3
Let y(c) = -2*c - 6. Suppose -12 = 4*o - 0*o - 4*k, -3*k = -2*o - 5. What are the prime factors of y(o)?
2
Suppose 12 = -n - 5*f, n = 2*f + 10 + 6. Let a(z) = -z + 7. Let y be a(n). Let p(i) = 14*i**2 - 1. List the prime factors of p(y).
13
Let s be (9/3)/(6/4). List the prime factors of s/6 + 17/3.
2, 3
Suppose 0 = a - m + 2 + 11, 12 = 3*m. Let d be 2/a + (-110)/(-9). Suppose -28 = -4*j + p - 4, 0 = -3*p - d. What are the prime factors of j?
5
Suppose 4*q + 0*d - 25 = 3*d, 0 = 3*q - 4*d - 24. Let b be 0/(3 - (q - 2)). Suppose 5*c = -5, b = 3*z + 2*z + 5*c - 5. List the prime factors of z.
2
Suppose -62 = -2*c + 4*w, 2*c - 5*w = 3*c - 3. What are the prime factors of (1 + 0)*(c + -2)?
3, 7
Let q be 2/1 - (0 + -2). Suppose 40 - 11 = 5*l + y, -16 = -q*y. Suppose l*v = 78 - 18. What are the prime factors of v?
2, 3
What are the prime factors of 3 + 2 + 1 + -2?
2
Suppose i - 48 = -0*i. Suppose 0*q = -4*q + i. List the prime factors of q.
2, 3
Let b be ((-4)/6)/((-10)/645). Suppose 12 = 5*u - b. What are the prime factors of u?
11
Suppose -10 = -5*q + 10. Suppose 3 - 9 = 3*z, q = r - z. List the prime factors of r.
2
Let y be (-2)/6 - (-88)/3. Let m = y - 0. List the prime factors of m.
29
Let z(t) = -t**3 - 2*t**2 - t - 2. Let u be z(-2). Suppose -j - 5 + 0 = u. Let a(f) = -f**3 - 5*f**2 + f + 7. What are the prime factors of a(j)?
2
Let y be 2*((-4)/8 + 2). Suppose 0 = -y*u + 1 + 8. What are the prime factors of u?
3
Let y = 6 - 1. Suppose o = y*o. Suppose 0 = d - 4 - o. List the prime factors of d.
2
Suppose 5*o + 93 = 8*o. Let p = -17 + o. What are the prime factors of p?
2, 7
Let p = 1 - -69. List the prime factors of p.
2, 5, 7
Let r = 6 - -5. List the prime factors of r.
11
Suppose 3*f = -3*d + 351, -5*f + 4*d + 549 = -0*f. What are the prime factors of f?
113
Let r(t) = t**3 + 3. What are the prime factors of r(2)?
11
Suppose 16 = 4*n + 2*f - f, -n = -f - 4. Suppose 0 = -n*y + y + 12. Suppose i + 39 = y*i. List the prime factors of i.
13
Let n(i) = -2*i + 1. Let j be n(-1). Let w be (-3 - 0) + 2 + 10. Suppose w = j*c, 3*u + 8*c = 3*c + 48. List the prime factors of u.
11
What are the prime factors of 8/(-6) + 1 - (-34)/3?
11
Let k(y) = 92*y. What are the prime factors of k(3)?
2, 3, 23
Let x be 0 - (0 + 1 - 9). Suppose -2 - x = -2*p. What are the prime factors of p?
5
Let w be (6/5)/((-6)/(-15)). Suppose -12 = -w*m - 4*p + p, 2*p - 10 = -3*m. Suppose -2*n = -2*z - m*z - 22, 5*z = n - 23. What are the prime factors of n?
3
Suppose 3 = i - 2*i. Suppose w - 1 = 2. What are the prime factors of 8 + w*2/i?
2, 3
What are the prime factors of ((-10)/8)/(4/(-112))?
5, 7
Suppose m = 6*m - 910. Suppose -4*r + 11*r = m. List the prime factors of r.
2, 13
Let w(z) = -z**2 - 7*z - 1. Let a be w(-6). Suppose q = 2 + 2. Suppose 0*t - x = -4*t + 48, -t = q*x + a. What are the prime factors of t?
11
Let d(i) = i**2 + i + 5. Let t be d(0). Suppose -g - 53 = -3*h, 0 = -t*h - 2*g + g + 91. Suppose -3*p + h = -42. List the prime factors of p.
2, 5
Let h(p) be the third derivative of p**5/20 + 5*p**4/24 + p**3/2 + 2*p**2. What are the prime factors of h(-3)?
3, 5
Let l = -54 - -88. List the prime factors of l.
2, 17
Suppose 4*f = -0 + 92. Suppose o + 0*o = f. What are the prime factors of o?
23
What are the prime factors of (12/(-16) + 499/4)*1?
2, 31
Suppose 3 - 11 = 4*w. Let o be 13 + w*1 + 1. Suppose 5*x - 8 = o. List the prime factors of x.
2
Let s = 6 + 1. Let k = s + 1. List the prime factors of k.
2
What are the prime factors of 2/(-11) + (-3255)/(-55)?
59
Let w(f) = f**3 - 4*f**2 + f + 2. Let n be w(3). Let d = n + 6. Suppose -10 = -0*a - d*a. What are the prime factors of a?
5
Let b be (-1)/1*-1 - 2. Let c = b + -1. List the prime factors of -20*3/(15/c).
2
Let m = -7 - -39. What are the prime factors of m?
2
Let d = 9 + -7. Suppose d*u + b = 66, 4*u - 3*u - 3*b = 47. Suppose 2*h = 5*f + 14, 5*h - u = 2*f - 7*f. List the prime factors of h.
7
Let f be (-1*2)/((-8)/12). Let w(z) = 3*z - 1. What are the prime factors of w(f)?
2
Let b = 77 + -52. Let y = b + -4. What are the prime factors of y?
3, 7
Let d = 8 + -3. Suppose d = j - 20. Suppose 4*x - 3 = b - j, 2*b + 5*x = -21. What are the prime factors of b?
2
Let s(b) = -b**3 + 2*b**2 - 1. Let i be s(-1). Let g = i + 3. List the prime factors of g.
5
Suppose 2*u = -5*f - u + 1754, 2*f = 4*u + 686. What are the prime factors of f?
349
Suppose 3*s + 270 + 9 = 0. Let t = -66 - s. What are the prime factors of t?
3
Let u be (-3)/15 - 724/(-20). Suppose -2*j = 4*d, d + u = -3*j + 7*j. List the prime factors of j.
2
Suppose -3*g = 3*h - 5*h + 597, 0 = -5*h + 5*g + 1495. What are the prime factors of h?
2, 3, 5
Let j = -8 + 45. Suppose -43 - j = -5*u. What are the prime factors of u?
2
Let v = 31 - 2. Suppose 4*i = v + 115. What are the prime factors of i?
2, 3
Let a = 292 - 167. What are the prime factors of a?
5
Let p be 12 + (-3)/(9/6). What are the prime factors of 36/p - (-4)/10?
2
List the prime factors of (-1)/(-2*(-1)/(-168)).
2, 3, 7
List the prime factors of (1*(1 + 0) + -62)*-2.
2, 61
Let g(v) be the first derivative of -v**5/20 + 5*v**4/12 - v**3/2 + v**2/2 + 3*v + 3. Let b(x) be the first derivative of g(x). List the prime factors of b(3).
2, 5
